 of 6546090.
2, 3, 5, 113, 1931
What are the prime factors of 50079751?
50079751
List the prime factors of 794660463.
3, 127, 77249
What are the prime factors of 232188367?
229, 1013923
What are the prime factors of 767221691?
19, 467, 86467
List the prime factors of 118366689.
3, 7, 67, 84127
What are the prime factors of 6527565979?
11, 71, 137, 61007
What are the prime factors of 39892106?
2, 103, 197, 983
List the prime factors of 51051559.
13, 23, 170741
List the prime factors of 853622322.
2, 3, 7, 23, 883667
What are the prime factors of 201820?
2, 5, 10091
List the prime factors of 162667924.
2, 40666981
What are the prime factors of 619774446?
2, 3, 83, 853, 1459
List the prime factors of 77118693.
3, 37, 694763
List the prime factors of 6991901.
7, 998843
What are the prime factors of 48366305?
5, 13, 19, 39163
List the prime factors of 3920613382.
2, 7, 47, 851197
List the prime factors of 215166063.
3, 7, 37, 276919
List the prime factors of 215638115.
5, 7, 11, 17, 47, 701
List the prime factors of 204469845.
3, 5, 13631323
What are the prime factors of 35752386?
2, 3, 179, 33289
List the prime factors of 1989128255.
5, 397825651
What are the prime factors of 1426641174?
2, 3, 7, 53, 3391
List the prime factors of 266490531.
3, 29610059
What are the prime factors of 91162871?
2267, 40213
What are the prime factors of 92191990?
2, 5, 11, 19, 44111
What are the prime factors of 56506659?
3, 11, 37, 46279
List the prime factors of 854089204.
2, 37, 41, 3433
What are the prime factors of 2687754116?
2, 79, 8505551
What are the prime factors of 756681264?
2, 3, 583859
List the prime factors of 75643788.
2, 3, 11, 19, 30161
List the prime factors of 1855840793.
1855840793
List the prime factors of 3568002230.
2, 5, 13, 223, 123077
What are the prime factors of 13555842?
2, 3, 67, 33721
What are the prime factors of 721177117?
193, 3736669
List the prime factors of 1232226282.
2, 3, 7, 2753, 10657
What are the prime factors of 311472530?
2, 5, 179, 174007
What are the prime factors of 529574137?
19, 107, 260489
List the prime factors of 132415420.
2, 5, 6620771
List the prime factors of 1172899058.
2, 281, 577, 3617
List the prime factors of 2345209405.
5, 7, 11, 79, 83, 929
List the prime factors of 10847773.
10847773
What are the prime factors of 62913498?
2, 3, 17, 616799
List the prime factors of 118296977.
593, 199489
What are the prime factors of 60132979?
29, 1433, 1447
List the prime factors of 21002014.
2, 11, 37, 25801
What are the prime factors of 594774845?
5, 7, 16993567
List the prime factors of 461565857.
461565857
List the prime factors of 14943622.
2, 7471811
List the prime factors of 82265956.
2, 20566489
List the prime factors of 466300937.
139, 3354683
List the prime factors of 1330140503.
17, 571, 137029
What are the prime factors of 1289681348?
2, 97, 3323921
List the prime factors of 173874666.
2, 3, 7, 4139873
List the prime factors of 43467459.
3, 7, 19, 79, 197
List the prime factors of 220277462.
2, 193, 570667
List the prime factors of 59237484.
2, 3, 47, 105031
What are the prime factors of 22343895?
3, 5, 7, 89, 797
What are the prime factors of 18497437?
7, 41, 64451
List the prime factors of 1047271374.
2, 3, 19, 23, 29, 4591
List the prime factors of 119997130.
2, 5, 11, 1090883
List the prime factors of 2137630168.
2, 2731, 97841
List the prime factors of 82673704.
2, 10334213
What are the prime factors of 37204183?
37204183
List the prime factors of 64830153.
3, 163, 233, 569
List the prime factors of 1036073953.
8093, 128021
What are the prime factors of 4261173?
3, 7, 29, 6997
What are the prime factors of 164723978?
2, 41, 317, 6337
List the prime factors of 2190987683.
27809, 78787
What are the prime factors of 742203787?
13, 607, 94057
List the prime factors of 31242506.
2, 59, 271, 977
List the prime factors of 122194388.
2, 311, 98227
List the prime factors of 350445919.
331, 1058749
What are the prime factors of 27332150?
2, 5, 546643
List the prime factors of 801587046.
2, 3, 13, 10276757
List the prime factors of 353373846.
2, 3, 7, 8413663
List the prime factors of 20067094.
2, 10033547
List the prime factors of 20889288.
2, 3, 7, 31, 191
List the prime factors of 338491356.
2, 3, 7, 31, 43, 3023
List the prime factors of 73009207.
83, 879629
What are the prime factors of 183589380?
2, 3, 5, 13, 67, 1171
List the prime factors of 1627247532.
2, 3, 3967, 34183
What are the prime factors of 127955901?
3, 97, 167, 2633
What are the prime factors of 632915331?
3, 210971777
What are the prime factors of 87128161?
87128161
List the prime factors of 34293761.
151, 227111
What are the prime factors of 18515293?
89, 208037
What are the prime factors of 554272980?
2, 3, 5, 937, 9859
What are the prime factors of 784142787?
3, 19, 3221, 4271
What are the prime factors of 17593753?
19, 925987
What are the prime factors of 2468705524?
2, 17, 36304493
List the prime factors of 25883041.
47, 550703
What are the prime factors of 1772731992?
2, 3, 23, 883, 3637
What are the prime factors of 8895863710?
2, 5, 557, 1597103
What are the prime factors of 7189272?
2, 3, 31, 3221
List the prime factors of 1001868859.
71, 1213, 11633
List the prime factors of 586580605.
5, 13, 31, 291107
What are the prime factors of 14351896?
2, 13, 137999
What are the prime factors of 8485192491?
3, 2828397497
List the prime factors of 273447737.
17, 41, 392321
What are the prime factors of 1378172448?
2, 3, 19, 37, 2269
List the prime factors of 853134492.
2, 3, 7, 23, 199, 317
What are the prime factors of 785905459?
31, 25351789
What are the prime factors of 36303107?
79, 193, 2381
What are the prime factors of 49968852?
2, 3, 4164071
What are the prime factors of 758629735?
5, 3163, 47969
List the prime factors of 14368195.
5, 29, 197, 503
List the prime factors of 332535332.
2, 79, 1052327
List the prime factors of 82498203.
3, 3055489
List the prime factors of 174243267.
3, 11, 43, 61
List the prime factors of 30072118.
2, 15036059
List the prime factors of 340500894.
2, 3, 56750149
What are the prime factors of 166882242?
2, 3, 47, 113, 5237
List the prime factors of 32298149.
13, 2484473
What are the prime factors of 6140967861?
3, 7, 107, 2732963
List the prime factors of 72611697.
3, 41, 397, 1487
List the prime factors of 267345058.
2, 1277, 104677
What are the prime factors of 60815003?
683, 89041
List the prime factors of 100867136.
2, 1576049
What are the prime factors of 264987599?
37, 61, 113, 1039
What are the prime factors of 45643260?
2, 3, 5, 13, 163, 359
List the prime factors of 27470362.
2, 1279, 10739
What are the prime factors of 580208981?
11, 52746271
List the prime factors of 203248855.
5, 17, 67, 89, 401
What are the prime factors of 855551108?
2, 61, 409, 8573
List the prime factors of 968946976.
2, 113, 267961
List the prime factors of 23000743.
43, 167, 3203
List the prime factors of 23625085.
5, 11, 429547
What are the prime factors of 191019338?
2, 95509669
List the prime factors of 471888535.
5, 94377707
What are the prime factors of 97227994?
2, 151, 321947
List the prime factors of 240283262.
2, 659, 182309
What are the prime factors of 27953815?
5, 5590763
List the prime factors of 156479083.
41, 3816563
List the prime factors of 36225610.
2, 5, 787, 4603
What are the prime factors of 289532964?
2, 3, 7, 492403
What are the prime factors of 14145474?
2, 3, 7, 139, 2423
List the prime factors of 28724670.
2, 3, 5, 13, 24551
List the prime factors of 65860944.
2, 3, 1372103
What are the prime factors of 92331678?
2, 3, 19, 419, 1933
List the prime factors of 36154290.
2, 3, 5, 227, 5309
What are the prime factors of 62636429?
23, 2723323
What are the prime factors of 324219455?
5, 7, 59, 157007
List the prime factors of 1188011391.
3, 7, 17, 3327763
List the prime factors of 372684858.
2, 3, 7, 13, 29, 23537
List the prime factors of 948812452.
2, 7, 33886159
List the prime factors of 70853822.
2, 13, 41, 66467
List the prime factors of 109870907.
109870907
What are the prime factors of 22825295?
5, 1319, 3461
List the prime factors of 135838263.
3, 11, 4116311
List the prime factors of 2149204673.
7, 11, 31, 47, 19157
List the prime factors of 223533839.
31, 577, 12497
List the prime facto